s the units digit of 62639311?
1
What is the ten thousands digit of 8744361335?
6
What is the units digit of 80856342?
2
What is the ten thousands digit of 718433274?
3
What is the tens digit of 383503713?
1
What is the thousands digit of 61951132?
1
What is the thousands digit of 131654981?
4
What is the hundred millions digit of 1089464061?
0
What is the thousands digit of 1948504895?
4
What is the hundreds digit of 219076076?
0
What is the tens digit of 32764053?
5
What is the units digit of 47416131?
1
What is the hundred millions digit of 2098358242?
0
What is the units digit of 840217026?
6
What is the tens digit of 38665517?
1
What is the hundred millions digit of 464297400?
4
What is the ten millions digit of 1771106949?
7
What is the hundred thousands digit of 609988124?
9
What is the ten millions digit of 1391041548?
9
What is the millions digit of 5069013832?
9
What is the hundred millions digit of 5925491379?
9
What is the millions digit of 161735265?
1
What is the hundreds digit of 996643850?
8
What is the billions digit of 7040696890?
7
What is the billions digit of 2242625929?
2
What is the hundred thousands digit of 415513003?
5
What is the hundred thousands digit of 72494252?
4
What is the millions digit of 1115742380?
5
What is the millions digit of 97389834?
7
What is the units digit of 310826598?
8
What is the hundreds digit of 1013954177?
1
What is the thousands digit of 379042567?
2
What is the ten thousands digit of 442990308?
9
What is the hundreds digit of 25192834?
8
What is the ten millions digit of 12018900?
1
What is the ten thousands digit of 5421912904?
1
What is the millions digit of 105106933?
5
What is the hundred millions digit of 452111972?
4
What is the millions digit of 66862595?
6
What is the ten thousands digit of 31124216?
2
What is the ten thousands digit of 241010188?
1
What is the ten millions digit of 1571430687?
7
What is the hundred thousands digit of 174981993?
9
What is the tens digit of 183675791?
9
What is the ten thousands digit of 1066768349?
6
What is the tens digit of 2518044827?
2
What is the tens digit of 21445539?
3
What is the units digit of 3594778444?
4
What is the ten millions digit of 24139947?
2
What is the hundreds digit of 35149674?
6
What is the thousands digit of 89360445?
0
What is the ten millions digit of 1754970830?
5
What is the millions digit of 2151915512?
1
What is the ten millions digit of 2492078511?
9
What is the hundreds digit of 23721541?
5
What is the hundred millions digit of 218204103?
2
What is the billions digit of 2542326417?
2
What is the ten millions digit of 3059328736?
5
What is the millions digit of 43637869?
3
What is the ten millions digit of 10431432?
1
What is the ten thousands digit of 37171850?
7
What is the thousands digit of 64560274?
0
What is the ten millions digit of 34425695?
3
What is the millions digit of 4959969025?
9
What is the ten thousands digit of 132860449?
6
What is the ten thousands digit of 498155810?
5
What is the hundreds digit of 395410235?
2
What is the hundreds digit of 122487898?
8
What is the hundreds digit of 1757097666?
6
What is the units digit of 2609963848?
8
What is the units digit of 34555203?
3
What is the ten millions digit of 2354133352?
5
What is the thousands digit of 794359116?
9
What is the units digit of 1117458645?
5
What is the hundreds digit of 968192010?
0
What is the hundred thousands digit of 2513944257?
9
What is the thousands digit of 364534317?
4
What is the units digit of 268288679?
9
What is the units digit of 1050806842?
2
What is the ten thousands digit of 219382644?
8
What is the thousands digit of 43821533?
1
What is the millions digit of 138810378?
8
What is the ten thousands digit of 55306040?
0
What is the ten millions digit of 454778043?
5
What is the hundred millions digit of 343809812?
3
What is the hundred millions digit of 600741303?
6
What is the billions digit of 2230451499?
2
What is the millions digit of 88738638?
8
What is the thousands digit of 49702630?
2
What is the ten thousands digit of 1079281149?
8
What is the hundred thousands digit of 264530334?
5
What is the tens digit of 773501642?
4
What is the thousands digit of 12690664?
0
What is the ten millions digit of 6098386777?
9
What is the hundred millions digit of 516566793?
5
What is the hundreds digit of 114151162?
1
What is the hundred thousands digit of 17003768?
0
What is the thousands digit of 62552812?
2
What is the thousands digit of 48699037?
9
What is the hundred thousands digit of 17048551?
0
What is the thousands digit of 1129843618?
3
What is the hundreds digit of 5367158?
1
What is the units digit of 1803926193?
3
What is the millions digit of 1534780263?
4
What is the thousands digit of 681461167?
1
What is the hundred thousands digit of 14061536?
0
What is the billions digit of 1068295684?
1
What is the units digit of 140351927?
7
What is the hundred thousands digit of 39142572?
1
What is the millions digit of 44925991?
4
What is the ten thousands digit of 4127624?
2
What is the hundred thousands digit of 2690631776?
6
What is the ten millions digit of 1073019168?
7
What is the millions digit of 10017137?
0
What is the ten millions digit of 76150372?
7
What is the units digit of 22383935?
5
What is the hundred thousands digit of 76481511?
4
What is the hundred millions digit of 144728456?
1
What is the hundred millions digit of 176471464?
1
What is the hundreds digit of 485026879?
8
What is the units digit of 148245928?
8
What is the tens digit of 1219806520?
2
What is the tens digit of 764959756?
5
What is the ten millions digit of 63034788?
6
What is the thousands digit of 3350171894?
1
What is the hundred thousands digit of 44363097?
3
What is the millions digit of 70836800?
0
What is the thousands digit of 4503766926?
6
What is the hundred thousands digit of 6012817?
0
What is the hundreds digit of 2357819469?
4
What is the thousands digit of 44715478?
5
What is the tens digit of 124294879?
7
What is the hundred millions digit of 115970381?
1
What is the hundreds digit of 91533061?
0
What is the ten millions digit of 62092456?
6
What is the hundred thousands digit of 238072644?
0
What is the tens digit of 153661505?
0
What is the hundred thousands digit of 28122447?
1
What is the ten thousands digit of 37189782?
8
What is the tens digit of 84216458?
5
What is the thousands digit of 1199078808?
8
What is the ten millions digit of 41584627?
4
What is the millions digit of 747522077?
7
What is the thousands digit of 29082026?
2
What is the ten millions digit of 1589579272?
8
What is the thousands digit of 79395507?
5
What is the thousands digit of 161367238?
7
What is the hundred thousands digit of 1713411017?
4
What is the hundreds digit of 341855284?
2
What is the tens digit of 943318920?
2
What is the hundreds digit of 37812830?
8
What is the hundred thousands digit of 652181515?
1
What is the ten millions digit of 30322359?
3
What is the tens digit of 4863141424?
2
What is the thousands digit of 121927914?
7
What is the units digit of 3763741627?
7
What is the ten millions digit of 101919967?
0
What is the ten millions digit of 1061184461?
6
What is the ten millions digit of 59380727?
5
What is the hundreds digit of 37693532?
5
What is the tens digit of 39254741?
4
What is the thousands digit of 74870194?
0
What is the ten thousands digit of 708060327?
6
What is the hundreds digit of 2142781636?
6
What is the millions digit of 9169513?
9
What is the units digit of 49744369?
9
What is the hundred millions digit of 1530277971?
5
What is the ten thousands digit of 93193217?
9
What is the tens digit of 119402348?
4
What is the thousands digit of 86430762?
0
What is the hundred thousands digit of 83683921?
6
What is the hundreds digit of 35778504?
5
What is the hundred millions digit of 331455991?
3
What is the ten thousands digit of 41509420?
0
What is the millions digit of 38919693?
8
What is the hundred millions digit of 143163726?
1
What is the millions digit of 140129383?
0
What is the hundreds digit of 306548959?
9
What is the ten millions digit of 367414662?
6
What is the hundreds digit of 1761240994?
9
What is the tens digit of 30081595?
9
What is the tens digit of 29368323?
2
What is the millio